60 + (-10 + 16 - (35 + -56)).
-33
-59 + 13 + -2 + 13 + -21 + 7 + 1
-48
Calculate (3244 - 3390) + 96 + -3.
-53
What is (-88 + 91 + -58 - 23) + -5 + 0 + 0?
-83
42 + (14 - 31) - 79 - -12
-42
Calculate (36 - 1) + (-88 - (-77 + -24)).
48
-12 - (-3 + (9 - (-2 + 12)) + 4 - 37)
25
-31 + -4 - (39 + -59 + 70)
-85
Evaluate 28 + 43 + -20 + -76.
-25
Evaluate (-7 - 4) + -14 + -10 + 45.
10
Calculate (43 - -1) + -76 + 145 + -72.
41
Evaluate 147 - (-107 - -199) - (1 + 11).
43
65 - (191 - (27 - -9))
-90
(32 - (55 + (-33 - -16))) + -70
-76
Evaluate 13 + -7 + 3 - 76 - (-27 - -30).
-70
-42 - -33 - ((-2 - 2) + -39 + -2)
36
Evaluate -318 - -457 - (-7 - -64).
82
Calculate (0 - -2) + 26 - (179 + -190) - 12.
27
-3 - (-14 + 5) - (12 + -3 + 8 + -10)
-1
Evaluate -7 - (5 + 6 - (-2 - -24)).
4
Evaluate -4 - (27 + (24 - 18) + -28 + 6).
-15
What is the value of 0 + 1 + 6087 + -5977?
111
Calculate -2 - 0 - 2 - (-651 + 633) - (21 - 8).
1
What is -18 - (-6 + (10 - (-15 + 17))) - 31?
-51
What is -47 - (54 - (10 + (-10 - 16)))?
-117
Calculate -11 - (-7 + -2 - (30 + -27 + -20)).
-19
What is the value of -390 - -124 - -128 - (4 + 4)?
-146
What is -284 + 17 - -141 - 25?
-151
What is the value of -20 + -5 + 17 - -17 - (-16 + 17)?
8
Calculate (31 - 20) + -4 + (-1 - -33).
39
Calculate (5 - (-9 - -31)) + -17 + (-7 - (6 + 0)).
-47
Calculate -146 + (-109 - -60) - -98.
-97
Evaluate 128 - 105 - (67 + 28).
-72
Calculate 2 + -6 - (2803 + -2809 + 42 + 1).
-41
What is -90 + 0 + 259 + -455 + 188?
-98
Calculate 12 - (-38 + 42 + (-3 - 1) - 28).
40
Evaluate (43 - (49 - 40)) + -41.
-7
What is (-36 - (-5 - (-23 + -2 - -4) - 10)) + 10?
-32
Calculate 1 + 26 + 73 + -11 + -18.
71
What is the value of 5 + -6 + 90 + (-59 - (-111 + 36))?
105
Evaluate -1952 - -1975 - (-3 + 1 + -1).
26
What is -37 + 27 + -12 + 4 + 5 + 42?
29
Evaluate 28 + (20 - (-28 + 30)).
46
Evaluate (1 - 41 - -8) + -11 + 11 + 1.
-31
Evaluate -88 - -32 - -13 - -106.
63
Calculate 17 + -2 - (9 + -11) - 56.
-39
-3779 + 3783 + (-83 - 1)
-80
Evaluate (-12 - (23 - 60)) + -44.
-19
What is (-14 - 3) + 17 + (-1 - 5) + 8?
2
Calculate 5 + -8 + 0 + (106 - (-16 + 32)).
87
What is -75 - -60 - (-147 - -81)?
51
What is -43 + -4 + -42 + 32?
-57
What is the value of (-121 - -128) + 47 + (2 - (-1 - -5)) + 0?
52
What is the value of (-9 - (-18 + -6 + 11 + -4) - -84) + 8?
100
(5 - -18) + (8 + -13 + 8 - -4)
30
What is -12 - (5 + 8 - (18 - 14) - 60)?
39
Calculate -61 + (-34 + -45 - -209).
69
What is 9 + 0 - (5 + 3) - -11 - (-17 + 16)?
13
Calculate -53 + -26 + (-6 + 11 - -30).
-44
What is (-79 - -104) + -64 + (16 - 3)?
-26
Calculate (348 - 338 - (-2 + 0 + 12)) + 6.
6
Evaluate 69 - (15 + (-1 - -49)).
6
Evaluate (66 - 66 - (1 - 5) - -5) + -6 + -11.
-8
((4 - -3) + -10 - 2) + -17 + (-14 - -7)
-29
What is the value of 36 - (12 - -21) - (1 + -9)?
11
Evaluate -5 + (-471 - -486 - (-2 + -1)).
13
(-19 - ((-13 - -3) + -3)) + (-4 + -1 - -4)
-7
Calculate (-87 - -95 - (-28 - 1)) + -7 + 2.
32
What is -63 - (-18 + -67 - -14)?
8
Calculate -1 - -3 - (53 - 64 - 15).
28
Calculate 110 + -59 + -63 + 18.
6
Calculate 3 + -3 - (26 - 26).
0
Evaluate 16 + 3 + (-38 - -22) - -6.
9
(31 - 7) + -7 + (-23 - -22) - (-4 - -1)
19
4 + (29 + -64 - -10)
-21
10 + 5 + -5 - (-56 + (2 + -10 - 0))
74
What is the value of (-6 - (21 + -183)) + -24 - (10 + 1 + -6)?
127
Evaluate 60 - (-87 + 88 + 42).
17
What is (5 - (6 - 5) - ((-22 - 3) + 14)) + -64?
-49
(0 + 0 - 2) + -18047 + 18016
-33
What is -12 + 3 - (8 + -12 - -11) - 56?
-72
What is the value of (-700 - -688 - (-47 - (0 + -1))) + (-2 - -13)?
45
What is the value of -16 - (-35 - -220) - -114?
-87
What is 277 + -435 + 195 + (-1 - 1) + -11 + -2?
22
Evaluate -14 - ((37 - (14 + -26)) + 4 + (-2 - 14)).
-51
What is the value of 26 - (16 - -4) - (-3 - 0 - (71 + 8))?
88
(9 - (29 + (16 - 31))) + (-1 - 2) - 39
-47
Evaluate 36 - ((-1 - (25 + -18)) + 20).
24
What is 18 + -99 - 37 - -142?
24
What is 3 + -45 + (33 - 6) + -23?
-38
Evaluate -24 - (1 + (14 - (20 - 18))).
-37
790 + -770 + (0 - (0 + 31))
-11
Calculate (7 - (2 + (11 - (8 - -4)))) + -23.
-17
Evaluate 0 + 2 + (280 - (-131 - -264)).
149
Evaluate (-36 - -19 - -62) + -114.
-69
Evaluate (12 + -5 - (-10 - -12) - -84) + (-37 - -26).
78
Calculate (-1672 - -1662) + -11 + 0.
-21
Calculate 14 + 1 - (353 + -450).
112
Calculate 17 + -27 + (-36 - 24 - 7).
-77
What is the value of 149 + -144 + (-3 - -3) - (29 - -2)?
-26
What is (-1 - 182) + -1951 + 2011?
-123
Evaluate -105 + 177 + -54 - (-8 + (-2 - (1 - 3))).
26
What is 1 - ((79 - -28) + -66 + 2 + (-1 - -11))?
-52
What is (59 - -31) + (14 + -17 - (0 + -3 + 1))?
89
Calculate 13 + -18 + -18 + 37 + 2 + (1 - -7).
24
-39 + -2 + (20 - (18 - (-5 + 23 - 17)))
-38
What is 0 - 0 - (-69 - (-39 - 41))?
-11
What is -76 - -56 - (-12 - 1) - (53 + -3)?
-57
Evaluate 122 + (148 + -136 - 26).
108
8 + 19 + -16 + -3 + (13 - -3)
24
Calculate (-2 - (19 - (78 - 15))) + (2 - 7).
37
Evaluate (28 + -1 - (-65 - -91)) + -59.
-58
Calculate -93 - (-7 + 15) - (6 + -27).
-80
(-1 - 26) + 8 + (-5 - -11)
-13
Evaluate -27 + (-45 + 96 - -12).
36
Calculate -3 + 1 + (48 - (43 - 12)).
15
Evaluate -3 - ((1 - 49) + (5 - 8) - (-1543 + 1544)).
49
What is the value of (-20 - 1) + (71 - (-11 - -1)) - -14?
74
Calculate -138 + 138 + (-4 - (-54 - -1)).
49
Evaluate 1 - ((-7 - -12) + -4 - 13 - 0).
13
What is the value of -5 - (27 + -8 - (41 + -4))?
13
-85 + 68 - (-57 - -35)
5
Evaluate -16 + (-2 - -6) + -46 + -3 + 11.
-50
(14 - 0) + -76 + 39
-23
What is the value of -7 + (4 + 3 - (13 - (0 - 1))) + 64?
50
Calculate (0 - -12) + -2 - (-121 - (34 - 96) - -4).
65
What is the value of 23 + -17 - (2 + (-10 - -4) + 3)?
7
Evaluate 68 + 0 + -124 + 71.
15
What is (31 + -42 + 44 - 50) + 9 + 0?
-8
Evaluate -86 - (-105 - -106 - 200).
113
What is 27 - 3 - (-21 - 12 - -11)?
46
-52 + -41 + -21 + 61
-53
What is the value of (1 - -84) + (273 - 230 - 22)?
106
-2 + (4 + 7 - 9 - 30)
-30
Calculate 22 + 0 - (32 - (-137 - -93)).
-54
-14 - (1 + 33 + (-2 - (24 + -13)))
-35
-29 + 0 - -96 - 29
38
What is the value of 2 + (-58 - -29 - -25) + 10?
8
What is (-52 - (-272 - -136)) + -170?
-86
Evaluate -26 - (19 + 7 + -21 + 42).
-73
56 + -39 - -13 - 81
-51
Calculate -77 - ((35 - -8 - 2) + -66).
-52
What is the value of 21 + -98 + (73 - 60)?
-64
Calculate -5 + (-40 - (-24 + 16 + 5)) - (7 + 1).
-50
Calculate 37 + 0 + (179 + -90 - 66).
60
Calculate 13 - (-75 - (-6 + 28) - -26 - (0 + 0)).
84
Calculate 8 + 57 + 5 - (-42 + 34) - (-1 + 4).
75
Calculate -54 + (-22 - (2 + -11)) - (34 + -12).
-89
What is -10 + (0 + 1 + 2 - (-13 + -9 - -33))?
-18
What is the value of -3 + (-2 - 13) + 28 + 10 + -46?
-26
Calculate (-31 - (-22 - 16) - -93) + -34.
66
What is 18 + 5 + -4 + (-19 - (-10 + (-8 - -10)))?
8
Evaluate 45 + 10 + (3 - 24) + (-20 + 11 - -2).
27
Evaluate -71 - (19 + -87 + 24 - -65).
-92
What is 2 + -1 - 4 - (-25 + (-3 + 2 - -1))?
22
What is the value of -11 + -1 - 4 - ((48 - 3) + -49)?
-12
What is the value of 1 - 10 - (0 + 4 + (1 - 6) + -77)?
69
51 + -36 - (4 - -129 - ((-3 - -4) + 5))
-112
What is the value of -9 - -2 - (14 - (1 + (0 - 0) - -3))?
-17
What is 54 - (30 + -26 - -12)?
38
What is (5 - (-7 + 29)) + (-6 - 5)?
-28
What is the value of (29 - 0) + (-159 - (-280 - -160))?
-10
What is the value of 20 - 6 - (-5 - (-6 - -65) - (18 - 20))?
76
What is the value of (-114 - ((0 - 5) + (-126 - -54) + 76)) + 14?
-99
What is the value of (56 - -39 - 140) + (5 - 3) + (7 - -2)?
-34
What is the value of 45 + 51 + -100 + 21?
17
Calculate 21 - (83 - (27 + 15 + -48)).
-68
(-21 + 5 + 8 - (4 - 136 - -2)) + -14
108
(-2 - (-4 + 63)) + (-47 - -36) + 15 + -4
-61
16 + ((25 - -21) + -99 - 11)
-48
Calculate -1748 + 1762 + (-19 - 0).
-5
Calculate 11 + -4 - ((-11 - -4 - -9 - -4) + -1).
2
Calculate -1 - -290 - (47374 - 47214).
129
Calculate -42 - -44 - (7 - -2) - (-50 - 9).
52
What is the value of -34 - (20 + 36 + -78) - 65?
-77
Evaluate (14 - 5) + (9 + 10 + -10 + -67 - -1).
-48
Calculate 27 + (17 - 22) + -14 - (71 + 0).
-63
What is -40 - (77 + -61 - 82)?
26
What is 123 + -153 + (-4 - (1 + -1)) - (539 - 551)?
-22
30 + 0 + (5 + 12 + -18 - -6) + -6
29
What is (-67 + 68 - -87) + -188?
-100
What is 5 + (0 - 25) + (582 - 582) - 0?
-20
Calculate -4 + -20 + 25 + 6 - (-17 + 2).
22
What is (-14 - 8) + (-14 - (-170 + 51))?
83
What is the value of 48 - (-20 + 7 + 96 + -89)?
54
What is the value of (1